 What is z(-2)?
18
Let r(h) = 17*h - 129. Determine r(6).
-27
Let f(o) = -o**2 + 7*o - 4. Calculate f(7).
-4
Let z(g) = g**2 + g - 7. Determine z(-3).
-1
Let n(c) = -c**3 + 2*c**2 + 2. Give n(3).
-7
Let q(u) = -10*u**2 + 4*u - 3. What is q(2)?
-35
Let s(q) = -2*q**3 + 3*q**2 - 4*q + 8. Calculate s(2).
-4
Let f(m) = -m**2 + m - 8. Determine f(-6).
-50
Let u(k) = -23*k - 2. What is u(4)?
-94
Let f(a) = a - 4. What is f(3)?
-1
Let k(m) = -m**2 + m - 9. What is k(-4)?
-29
Let u(h) = 5*h + 23. What is u(-6)?
-7
Let h(j) = -j**2 - 12*j - 13. Give h(-12).
-13
Let z(l) = -2*l**3 + l**2 - 3*l - 4. Calculate z(-3).
68
Let w(g) = 5*g**2 + 2*g + 1. Give w(-3).
40
Let i(v) = -v**3 - 7*v**2 - 9*v - 6. Determine i(-5).
-11
Let t(d) = 8*d**3 - 80*d**2 - 4*d + 34. Determine t(10).
-6
Let f(l) = 2*l**2 + 37*l + 138. Give f(-5).
3
Let c(s) = -s**3 + 4*s**2 + 2*s - 8. Give c(3).
7
Let g(s) = -3*s - 151. Give g(-49).
-4
Let q(v) = 3*v - 54. Calculate q(16).
-6
Let j(l) = l**3 + 12*l**2 + 7*l + 2. Give j(-11).
46
Let z(l) = -2*l**2 - 4*l - 6. Calculate z(-3).
-12
Let o(c) = 11*c**2 + c - 2. Determine o(1).
10
Let t(s) = 16*s - 51. Give t(-3).
-99
Let w(f) = 2*f**2 - 12*f. What is w(5)?
-10
Let x(s) = -52*s - 153. What is x(-3)?
3
Let o(l) = l + 32. Give o(-9).
23
Let l(t) = t**3 - 6*t**2 - 2*t + 11. What is l(5)?
-24
Let q(j) = -j**2 + 6*j + 14. Calculate q(6).
14
Let p(t) = -t - 29. Determine p(-22).
-7
Let u(f) = -f**3 - 8*f**2 - 2*f - 7. What is u(-8)?
9
Let r(h) = 35*h + 383. Calculate r(-11).
-2
Let k(m) = 17*m - 193. Give k(11).
-6
Let i(z) = 3*z**2 + 10*z + 6. What is i(-7)?
83
Let z(m) = -2*m + 38. What is z(17)?
4
Let t(o) = -o**3 + 6*o**2 + 11*o. Determine t(7).
28
Let s(r) = r**2 - 6*r - 565. What is s(-21)?
2
Let h(x) = -x**2 + 5*x. Give h(6).
-6
Let u(f) = 7*f. What is u(-1)?
-7
Let o(d) = 23*d**3 - 3*d**2 + 2*d. Calculate o(1).
22
Let l(n) = -n**2 + 32*n - 155. What is l(7)?
20
Let w(c) = -6*c**3 - 2*c**2 - 3*c - 2. Calculate w(-1).
5
Let w(t) = 46*t. What is w(-1)?
-46
Let j(l) = 2*l**2 - 4*l + 26. Calculate j(8).
122
Let z(q) = q - 1. Give z(8).
7
Let b(h) = -9*h. Determine b(1).
-9
Let s(g) = -14*g + 666. Determine s(46).
22
Let p(l) = -l**3 + 4*l**2 - 2*l - 4. Determine p(3).
-1
Let s(a) = a**3 - 10*a**2 - 12*a. Give s(11).
-11
Let o(r) = -r**2 + r + 1. Calculate o(-1).
-1
Let y(l) = -l**3 + 11*l**2 + 11*l - 4. Give y(12).
-16
Let s(h) = h**3 + 3*h**2 + h + 1. What is s(-2)?
3
Let h(q) = 3*q**2 + 1. Determine h(-3).
28
Let r(q) = 11*q**2 + 27*q + 5. Determine r(-4).
73
Let s(u) = 4*u. Calculate s(-6).
-24
Let o(r) = -r**2 + 11*r - 16. Calculate o(9).
2
Let c(q) = 4*q**2 - q - 17. Calculate c(6).
121
Let b(r) = -2*r**2 - 16*r + 2. Give b(-8).
2
Let i(a) = -a**2 - 17*a - 71. What is i(-6)?
-5
Let l(j) = 12*j - 8. Give l(-4).
-56
Let a(b) = 6*b - 5. What is a(-6)?
-41
Let d(z) = z**2 + 9*z - 64. Determine d(-14).
6
Let u(l) = 6*l**2 + l. Determine u(-2).
22
Let f(u) = u**2 - 3. What is f(-3)?
6
Let h(u) = 2*u + 25. Give h(-11).
3
Let l(k) = -k**2 + 13*k - 33. What is l(10)?
-3
Let p(h) = 10*h + 97. What is p(-13)?
-33
Let g(b) = -2*b**3 - 66*b**2 - b - 26. Determine g(-33).
7
Let b(h) = -h**3 + 6*h**2 - 3*h - 1. What is b(6)?
-19
Let q(h) = -h**3 - 6*h**2 + 32*h + 168. Give q(-7).
-7
Let a(h) = -h - 7. Calculate a(-7).
0
Let u(q) = q**3 - 9*q**2 - 54*q + 27. Determine u(13).
1
Let c(h) = 3*h - 5. Calculate c(18).
49
Let u(h) = -h**2 + 18*h - 47. Give u(15).
-2
Let k(i) = 16*i**2 + 6*i - 6. Determine k(2).
70
Let b(n) = 15*n - 121. Determine b(8).
-1
Let s(q) = 4*q - 22. Give s(-4).
-38
Let z(i) = i - 51. Determine z(21).
-30
Let l(u) = -u**3 - 5*u**2 + 11*u - 3. Determine l(-7).
18
Let m(k) = 6*k - 85. Determine m(14).
-1
Let k(p) = 2*p**2 + 2*p - 9. Determine k(2).
3
Let b(f) = 2*f**3 + 3*f**2 - 6*f - 4. Calculate b(-4).
-60
Let q(f) = -35*f - 214. Calculate q(-6).
-4
Let c(a) = a - 14. Determine c(14).
0
Let t(v) = 53*v**3 + v**2 - 2*v + 1. Calculate t(1).
53
Let a(b) = -19*b**2 - b. Calculate a(-1).
-18
Let b(u) = u**3 + 3*u**2 - 14*u - 8. Give b(-6).
-32
Let a(p) = 2*p**2 + 19. Calculate a(0).
19
Let x(r) = 12*r**2 + 96*r - 5. What is x(-8)?
-5
Let p(q) = -q**3 - 20*q**2 + 21*q + 1. Determine p(-21).
1
Let j(v) = -v**2 + 28*v + 100. Calculate j(31).
7
Let f(b) = 22*b - 107. Calculate f(6).
25
Let b(w) = -w**3 + 8*w**2 - 9*w + 10. What is b(7)?
-4
Let h(p) = -p**2 + 11. Determine h(-4).
-5
Let j(n) = -n**2 + 2*n - 2. Determine j(4).
-10
Let z(p) = -5*p - 72. Calculate z(-14).
-2
Let c(a) = -a**2 - 3*a - 1. Calculate c(-6).
-19
Let n(g) = g**3 - 21*g**2 + 22*g - 46. Determine n(20).
-6
Let f(h) = -3*h - 66. Calculate f(-25).
9
Let f(u) = u**3 + 6*u**2 - 2*u + 6. Determine f(-6).
18
Let r(n) = -2*n**3 - 3*n**2 - 4*n - 3. What is r(-2)?
9
Let s(q) = -4*q**2 - 6*q. What is s(-3)?
-18
Let u(r) = -5*r**3 - 5*r**2 + 10*r - 6. Calculate u(1).
-6
Let o(q) = q**2 + 10*q - 1. Determine o(-8).
-17
Let o(t) = -2*t**3 - 3*t**2 - 2*t + 2. Calculate o(-2).
10
Let y(b) = -6*b - 31. Calculate y(-10).
29
Let z(k) = 20*k - 109. Determine z(5).
-9
Let q(h) = h**3 + 8*h**2 - h + 6. Determine q(-8).
14
Let j(a) = a**2 + 12*a - 47. Give j(-15).
-2
Let j(s) = 3*s - 13. Calculate j(14).
29
Let s(h) = -h**3 - 2*h**2 - 4*h + 6. Determine s(0).
6
Let y(i) = -3*i - 69. What is y(-23)?
0
Let z(x) = 4*x - 28. Determine z(10).
12
Let z(w) = 39*w - 2. What is z(-1)?
-41
Let m(l) = l**3 - 9*l**2 - 2*l + 18. Give m(8).
-62
Let h(u) = -u - 3. Give h(-3).
0
Let s(h) = h**3 - 4*h**2 + 5*h + 6. What is s(5)?
56
Let j(v) = 5*v + 6. What is j(-4)?
-14
Let i(t) = -64*t + 204. Calculate i(3).
12
Let v(t) = -88*t. Determine v(1).
-88
Let i(z) = -z**3 - 7*z**2 - 4*z + 8. Calculate i(-6).
-4
Let z(g) = -g**2 - 9*g - 3. Calculate z(-11).
-25
Let p(l) = -14*l + 101. Determine p(7).
3
Let o(u) = 2*u**2 - 4*u - 2. Calculate o(4).
14
Let l(w) = 3*w - 48. Determine l(16).
0
Let d(i) = 2*i**3 - 3*i**2 - 3*i + 1. Calculate d(3).
19
Let y(t) = 3*t**2 + 5*t - 5. Determine y(2).
17
Let l(b) = b**3 + 47*b**2 - 98*b - 1. Calculate l(-49).
-1
Let r(s) = s**2 + 11*s - 13. Calculate r(-12).
-1
Let l(p) = p**3 - 12*p**2 + 3*p - 22. Calculate l(9).
-238
Let p(d) = 3*d**3 - 5*d - 5. Determine p(-2).
-19
Let o(q) = -q**2 + 13*q + 4. What is o(14)?
-10
Let n(k) = -2*k**3 - 12*k**2 + k + 11. Determine n(-5).
-44
Let v(c) = -4*c**2 - 12*c - 3. Give v(-6).
-75
Let g(p) = 8*p + 3. What is g(-1)?
-5
Let x(c) = c**3 - 28*c**2 + 52*c - 56. Calculate x(26).
-56
Let y(m) = 44*m + 2. Give y(0).
2
Let h(s) = -2*s**2 + 4*s - 8. What is h(5)?
-38
Let i(b) = 35*b**2 - 3*b + 1. Calculate i(1).
33
Let y(a) = a**3 - a + 17. Calculate y(0).
17
Let s(g) = g**3 + 7*g**2 + g - 3. Give s(-7).
-10
Let r(o) = -o**2 - 16*o + 6. What is r(-16)?
6
Let p(r) = 41*r**3 + r**2 + 2*r + 1. Determine p(-1).
-41
Let g(r) = r**3 - 2*r**2 - 4*r + 2. Give g(3).
-1
Let j(i) = 19*i + 3. Calculate j(1).
22
Let r(w) = -w - 5. Give r(-2).
-3
Let j(x) = 3*x + 1. What is j(7)?
22
Let h(p) = 14*p**2 + 2*p. Calculate h(-2).
52
Let s(d) = 2*d - 8. Give s(-4).
-16
Let c(w) = w**3 - 3*w**2 - 13*w + 36. Give c(4).
0
Let r(i) = 2*i**2 + i - 1. Determine r(1).
2
Let o(v) = -11*v**3 + 2*v**2 - 5*v + 4. Give o(1).
-10
Let v(l) = -7*l + 55. Give v(11).
-22
Let i(c) = c**3 - 8*c**2 + 4*c + 7. What is i(7)?
-14
Let r(p) = -2*p**3 + 28*p**2 + 20. Calculate r(14).
20
Let d(s) = 3*s**2 - 2*s + 2. Calculate d(1).
3
Let q(x) = -x**3 + 10*x**2 - 9*x + 21. Calculate q(8).
77
Let u(t) = -t**3 - 9*t**2 - t - 6. Determine u(-9).
3
Let g(m) = 3*m**3 + 4*m**2 - 7*m - 14. Calculate g(-2).
-8
Let o(d) = 36*d - 105. Calculate o(3).
3
Let q(m) = m**3 - 4*m**2 - 3*m + 3. Determine q(4).
-9
Let u(h) = -4*h**2 - 5*h + 47. Calculate u(6).
-127
Let g(q) = 4*q**2 + 5*q + 2. What is g(-2)?
8
Let r(g) = 4*g**3 - 3*g**2 - 2*g - 3. Calculate r(-2).
-43
Let j(v) = 18*v - 257. What is j(15)?
13
Let c(r) = -5*r - 50. Determine c(-11).
5
Let o(h) = 52*h - 571. Determine o(11).
1
Let l(o) = o**2 + 6*o - 11. Give l(-7).
-4
Let n(u) = u**3 - 11*u**2 + 26*u - 163. Calculate n(10).
-3
Let x(o) = -7*o - 2. Calculate x(-6).
40
Let s(b) = -4*b**2 + 8*b - 5. Calculate s(2).
-5
Let o(n) = 2*n**2 + 10*n + 6. Determine o(-6).
18
Let b(q) = 2*q**3 - 5*q**2 - q - 2. Determine b(3).
4
Let h(n) = n**3 + 7*n**2 